base 14) to base 4.
-12022
What is -963 (base 10) in base 5?
-12323
155c (base 13) to base 7
12044
Convert 1000000011100110 (base 2) to base 9.
50234
Convert -1843 (base 10) to base 7.
-5242
52 (base 14) to base 9
80
2c2 (base 15) to base 13
398
51b (base 12) to base 4
23213
-652 (base 9) to base 7
-1361
1352 (base 9) to base 3
1101202
What is -21143 (base 6) in base 4?
-230313
130316 (base 7) to base 3
1020011012
What is 28371 (base 9) in base 10?
19261
1031 (base 5) to base 12
b9
What is -10044 (base 8) in base 9?
-5601
What is -1554 (base 7) in base 10?
-627
What is 302424 (base 5) in base 8?
23013
What is -41d1 (base 14) in base 5?
-330410
What is 14058 (base 12) in base 16?
6c44
23101 (base 5) to base 3
2021011
Convert 102 (base 11) to base 15.
83
What is 13c (base 13) in base 15?
ea
Convert 424 (base 9) to base 13.
208
6159 (base 10) to base 16
180f
What is 931 (base 10) in base 7?
2500
Convert -655 (base 10) to base 2.
-1010001111
22200 (base 3) to base 10
234
-3001011 (base 4) to base 14
-4709
What is c47 (base 13) in base 16?
827
11132 (base 7) to base 11
2130
1c7 (base 15) to base 16
19c
Convert -6e6 (base 16) to base 15.
-7cb
1100200 (base 3) to base 7
2613
What is -789 (base 12) in base 14?
-597
120201000 (base 3) to base 4
2302320
What is 1c4a (base 13) in base 7?
15333
-4052 (base 6) to base 14
-480
Convert a9 (base 11) to base 13.
92
-1c82 (base 16) to base 10
-7298
What is 265102 (base 7) in base 8?
141172
What is -6847 (base 9) in base 5?
-130230
Convert -13014 (base 7) to base 3.
-11201110
Convert -20542 (base 6) to base 14.
-103c
What is 1546 (base 15) in base 11?
3481
What is -4595 (base 13) in base 9?
-14338
-475 (base 11) to base 9
-688
What is 51641 (base 10) in base 16?
c9b9
-20211 (base 3) to base 13
-112
Convert 250 (base 14) to base 13.
297
Convert 12212110 (base 3) to base 4.
1002312
What is -2780 (base 14) in base 16?
-1b3c
-34061 (base 12) to base 13
-25657
Convert -3334 (base 5) to base 16.
-1d5
3428 (base 16) to base 12
7888
What is 10871 (base 11) in base 2?
11110101000111
11101111 (base 2) to base 7
461
What is -178 (base 14) in base 13?
-1a3
Convert -2431420 (base 5) to base 8.
-131444
-2867 (base 13) to base 6
-42555
Convert -11634 (base 9) to base 8.
-17177
Convert 321104 (base 5) to base 13.
4ba2
-112211 (base 3) to base 6
-1504
What is -5b25 (base 13) in base 15?
-3c35
111001 (base 2) to base 7
111
Convert -22202 (base 4) to base 16.
-2a2
What is -2f43 (base 16) in base 6?
-132003
Convert 9a9 (base 14) to base 13.
b42
What is -1066 (base 10) in base 9?
-1414
Convert -111441 (base 5) to base 9.
-5430
10000101101000110 (base 2) to base 6
1244434
Convert 35325 (base 6) to base 16.
13e5
Convert 60a4 (base 14) to base 10.
16608
What is -11202 (base 6) in base 7?
-4424
What is -88c (base 14) in base 9?
-2280
Convert -20021110 (base 4) to base 10.
-33364
-556d (base 16) to base 13
-9c53
2140 (base 5) to base 3
101221
What is 110100110 (base 2) in base 14?
222
What is -60a (base 12) in base 13?
-523
-2102 (base 7) to base 11
-610
What is -1171 (base 8) in base 4?
-21321
What is 23652 (base 10) in base 6?
301300
What is 33431 (base 5) in base 2?
100100111110
Convert -11010000 (base 2) to base 11.
-17a
Convert 3a8 (base 14) to base 3.
1000021
4124 (base 6) to base 5
12131
89 (base 15) to base 14
93
-111306 (base 7) to base 3
-1000000210
-286 (base 13) to base 11
-378
What is 82a8 (base 12) in base 8?
33640
What is -104 (base 9) in base 11?
-78
Convert 16892 (base 13) to base 12.
21012
What is -2196 (base 16) in base 4?
-2012112
Convert a91 (base 11) to base 12.
912
1257 (base 8) to base 11
575
Convert -124744 (base 8) to base 5.
-2342432
-13154 (base 9) to base 15
-296d
-1310202 (base 4) to base 13
-3519
Convert -230033 (base 4) to base 13.
-139a
Convert 1030220 (base 5) to base 11.
12214
-36b (base 12) to base 6
-2215
242 (base 16) to base 14
2d4
-4a9 (base 13) to base 2
-1100101111
Convert -a9ca (base 13) to base 16.
-5c69
-a36 (base 12) to base 13
-8a0
Convert 334022 (base 6) to base 8.
66676
-1d2 (base 15) to base 14
-222
What is -2bd (base 16) in base 7?
-2021
Convert -220 (base 9) to base 6.
-500
a627 (base 13) to base 16
59e9
-92bc (base 15) to base 14
-b426
What is 164 (base 10) in base 14?
ba
128 (base 9) to base 5
412
Convert 2262 (base 14) to base 11.
4534
Convert 15435 (base 6) to base 2.
100111101111
b8 (base 14) to base 15
ac
What is -132 (base 6) in base 16?
-38
What is 1072 (base 9) in base 14?
40a
Convert -266 (base 7) to base 2.
-10010010
-1bd (base 16) to base 11
-375
What is 14340 (base 6) in base 5?
33132
Convert 162525 (base 8) to base 4.
32111111
What is 14222 (base 5) in base 14?
60b
Convert 2132033 (base 4) to base 10.
10127
518 (base 16) to base 10
1304
What is -c900 (base 13) in base 16?
-6ced
Convert -604 (base 11) to base 10.
-730
3565 (base 7) to base 9
1727
What is -12313232 (base 4) in base 6?
-334142
What is -84c (base 13) in base 15?
-646
-548 (base 10) to base 9
-668
312 (base 7) to base 13
c0
5455 (base 10) to base 2
1010101001111
Convert -1ca2 (base 15) to base 7.
-24104
What is 439 (base 11) in base 13?
316
Convert 4232132 (base 5) to base 3.
10121021120
What is -422 (base 8) in base 7?
-541
-a4 (base 13) to base 14
-98
What is -8c (base 16) in base 10?
-140
33b (base 16) to base 7
2261
Convert -553 (base 6) to base 8.
-325
Convert -10755 (base 8) to base 10.
-4589
What is -63370 (base 8) in base 10?
-26360
475 (base 9) to base 16
188
130301 (base 7) to base 4
11321132
What is 3665 (base 7) in base 4?
111122
What is -21020 (base 5) in base 8?
-2551
What is -30025 (base 6) in base 16?
-f41
Convert 7686 (base 14) to base 5.
1124002
Convert 22 (base 16) to base 15.
24
What is 390 (base 12) in base 5?
4130
What is 1034301 (base 5) in base 16?
469c
Convert 2a2 (base 15) to base 2.
1001011010
-82 (base 11) to base 6
-230
What is -213 (base 6) in base 11?
-74
What is 1101020201 (base 3) in base 14?
9c78
What is 31000132 (base 4) in base 12?
269ba
Convert -62615 (base 9) to base 16.
-a16c
Convert -24362 (base 10) to base 11.
-17338
Convert -481 (base 13) to base 12.
-551
Convert -3352 (base 13) to base 15.
-21ca
Convert 2600 (base 7) to base 10.
980
Convert 270 (base 10) to base 2.
100001110
-305441 (base 6) to base 5
-1241302
24b5b (base 13) to base 3
10110001210
What is -41013 (base 6) in base 8?
-12441
-100101100000001 (base 2) to base 14
-6dd7
Convert -2332 (base 5) to base 12.
-246
Convert 3332 (base 4) to base 9.
312
16d5 (base 14) to base 11
30a4
234 (base 7) to base 5
443
-3aa (base 13) to base 16
-287
What is -3a22 (base 11) in base 6?
-40111
What is 97c (base 13) in base 12?
b34
Convert -1020000 (base 3) to base 12.
-623
570 (base 9) to base 13
2a0
What is 30032 (base 8) in base 13?
57b3
What is 4c1 (base 15) in base 5?
13311
What is 11ed (base 16) in base 14?
195b
-902 (base 10) to base 16
-386
Convert 10420 (base 8) to base 7.
15510
-3033 (base 8) to base 11
-11a1
Convert -110000000000 (base 2) to base 14.
-1196
Convert -132030 (base 4) to base 13.
-b58
-fd (base 16) to base 10
-253
What is 2121021 (base 3) in base 7?
5350
30100101 (base 4) to base 5
3101233
Convert -112235 (base 7) to base 10.
-20018
Convert -20211 (base 7) to base 5.
-124113
5788 (base 15) to base 12
a902
What is 24355 (base 8) in base 14?
3b65
-317 (base 14) to base 11
-504
a10 (base 12) to base 9
1883
What is 1503 (base 6) in base 4?
12033
What is 1a7 (base 13) in base 5?
2211
2721 (base 9) to base 11
1599
1103 (base 11) to base 5
21310
4600 (base 7) to base 6
11414
11110110 (base 2) to base 5
1441
What is -1597 (base 15) in base 5?
-122032
-106610 (base 9) to base 13
-2312a
What is 2898 (base 10) in base 3?
10222100
What is -297 (base 16) in base 10?
-663
What is 115a (base 12) in base 3?
2122221
Convert 22 (base 5) to base 10.
12
What is -120013 (base 4) in base 14?
-7c3
-717 (base 14) to base 15
-62d
Convert 1206 (base 7) to base 15.
1ec
-3211 (base 5) to base 6
-1555
Convert 151e (base 16) to base 11.
4075
What is 421 (base 6) in base 10?
157
-1010100101 (base 2) to base 14
-365
-15b2 (base 12) to base 9
-3478
5778 (base 11) to base 10
7587
-1230 (base 10) to base 6
-5410
Convert 18580 (base 11) to base 14.
967c
What is 615 (base 13) in base 9?
1366
112a (base 11) to base 4
113030
4725 (base 11